 7?
6
Suppose 4 = -4*a, 0 = -3*m - m - 2*a + 174. What is the remainder when m is divided by 12?
8
Let h(n) = n**2 + 3*n + 2. Let j be h(-3). Suppose -j + 15 = k. What is the remainder when k is divided by 7?
6
Let b(g) = -5*g + 3. Calculate the remainder when 24 is divided by b(-2).
11
Let b(g) = g**3 + 10*g**2 + 12*g + 3. Let t be b(-9). Let s = 53 + t. What is the remainder when s is divided by 8?
5
Let k(w) = 3*w**2 - w - 21. What is the remainder when k(8) is divided by 42?
37
Let k(q) = -123 + 119 - q + 3*q. Let a be 1*-2*(-1 - 1). What is the remainder when k(a) is divided by 2?
0
Let d = 1 + 3. Let i = d - 0. Suppose 4 = i*s, -x + 2*s = x - 72. What is the remainder when x is divided by 13?
11
Let i(o) = o**2 - 5*o - 2. Let l(z) = z**2 + 6*z - 7. Let w be l(-5). Calculate the remainder when i(6) is divided by (-26)/w + (-3)/18.
0
Let a(y) = y**3 - y**2 - y + 31. Let s be -2 - 5/((-10)/4). Let v = -16 + 27. What is the remainder when a(s) is divided by v?
9
Let m be 14/(-4)*(-2)/1. Suppose 2*y + 5 = x - 0, -x + y = -m. Calculate the remainder when 25 is divided by x.
7
Let v = 6 - 5. What is the remainder when 33 is divided by (-2 + 12 + 2)*v?
9
Suppose 0 = -9*h + 4*h + 10. Calculate the remainder when h is divided by (-1 + 0 + 2)/1.
0
Let v(p) = 11*p + 7. Suppose 1 - 13 = -3*z. What is the remainder when v(z) is divided by 26?
25
Suppose 1 = -4*j + 61. Suppose -u = -2 + 12. Calculate the remainder when (-594)/u + (-4)/10 is divided by j.
14
Suppose -6*t + 5*t = -4. Suppose -k = -t*k + 63. Calculate the remainder when k is divided by 11.
10
Suppose -3*y = -y - 80. Calculate the remainder when 78 is divided by y.
38
Let m(p) be the third derivative of -3*p**6/40 - p**5/30 - p**3/3 + 4*p**2. Calculate the remainder when m(-2) is divided by 21.
20
Let a(w) = -4*w - 1. What is the remainder when a(-6) is divided by 6/(-1)*4/(-3)?
7
What is the remainder when 153 is divided by (-6)/24 - (-375)/12?
29
Let o(x) = -x**2 - 1. Let w be o(2). Suppose 3*a = 5*z + 20 + 10, -5*a + 34 = -3*z. Let s = a - w. Calculate the remainder when 29 is divided by s.
9
Suppose 90 = 2*y - 4*m, -3*y = -7*m + 3*m - 129. Let q be 8/20 + (-46)/(-10). Suppose q*i + 20 = 120. What is the remainder when y is divided by i?
19
Let r be 3/(1 - -5)*8. What is the remainder when r/(-18) - 292/(-18) is divided by 6?
4
Let h = 7 + -7. Let d be (-164)/(-14) + 4/14. Suppose h = -2*s + 4*s - d. Calculate the remainder when 11 is divided by s.
5
Let m(y) = y**2 - y + 1. Suppose 6 - 30 = -2*r. What is the remainder when r is divided by m(3)?
5
Let g(k) = -k**2 - 2*k - 5. Let s(u) = u - 1. Let d(m) = -g(m) + 2*s(m). What is the remainder when d(-8) is divided by 19?
16
Suppose 2*u - 17 = -2*g - 3, 0 = -u - 3*g - 3. Suppose -4*q + 204 = 2*q. What is the remainder when q is divided by u?
10
What is the remainder when (-526)/(-10) + 8/20 is divided by 14?
11
Let q = 34 - -4. Calculate the remainder when q is divided by 21.
17
Let g = 40 - 28. Suppose o + 4*s - 4 = 5*o, 0 = 4*o + 2*s - 14. Suppose -r = 4*m - 25 - 22, 85 = o*r + 5*m. Calculate the remainder when r is divided by g.
11
Suppose 0 = k + 25 - 3. What is the remainder when 77 is divided by -3*(k/6 - 3)?
17
Let c be (0 - (1 + -1)) + -2. Let j be (0 - c)*(-9)/6. Calculate the remainder when 42 + j/(3/(-2)) is divided by 15.
14
Let j(i) = -i + 12. Let d be j(9). Let n = -41 + 63. Suppose -d = -5*r + n. What is the remainder when 19 is divided by r?
4
Let i(b) = b**3 + 74. Calculate the remainder when i(0) is divided by 38.
36
Let n(v) = v**2 + 2*v + 10. Calculate the remainder when 18 is divided by n(0).
8
Suppose 4*x + h = 10 - 24, 0 = -5*h + 10. Let f be ((-9)/x)/((-3)/(-16)). Suppose u - 8 = f. Calculate the remainder when u is divided by 11.
9
Suppose -10 = b + 2*q, -3*b - q = 2*q + 15. Suppose j = -b*j + 81. What is the remainder when j is divided by 21?
18
What is the remainder when 291/6 + (-1)/(-2) is divided by 13?
10
Let b be -2 - 8/(-3) - (-55)/(-15). Let m(a) = 0*a - 10*a - 6*a. Calculate the remainder when m(b) is divided by 25.
23
Suppose 0 = 3*z + s + 17, -2*z - 4*s = z + 5. Calculate the remainder when 62 is divided by z + 9 + (20 - 1).
20
Let v = -122 - -259. Calculate the remainder when v is divided by 14.
11
Suppose -4*r + 37 = 1. What is the remainder when 2/(3/(-36)*-1) is divided by r?
6
Let y be (-352)/56 - (-2)/7. Let h(b) = b**3 + 6*b**2 - 2*b - 5. What is the remainder when h(y) is divided by 2 - (-2 - -1*1)?
1
Let d(w) = -2*w - 3. Let l(t) = -t**3 - t**2 + t + 8. What is the remainder when l(0) is divided by d(-3)?
2
Suppose -17 + 102 = 2*r + 5*s, 0 = 2*r + s - 73. What is the remainder when r is divided by 19?
16
Calculate the remainder when (-6)/(-10) + (-908)/(-20) is divided by 12.
10
Let g(x) = 15*x - 6. Suppose -3*b + 12 = -0*b. What is the remainder when g(b) is divided by 28?
26
What is the remainder when (-2)/4 - 194/(-4) is divided by 25?
23
Suppose -6*y = -5*y - 2. Let p = 6 - y. Suppose -p*m - 18 = -6*m. What is the remainder when m is divided by 3?
0
Let r = -15 + -20. Let k(q) = 3*q - 2. What is the remainder when k(4) is divided by ((-10)/r)/(2/28)?
2
Suppose -2*l + 197 = 3*b, -3*l + 3*b - b + 315 = 0. Calculate the remainder when l is divided by 30.
13
Let l = 95 - 27. What is the remainder when l is divided by 15?
8
Let c(q) = 5*q + 6. What is the remainder when 76 is divided by c(4)?
24
Suppose g - 2 = 1. Suppose g*v - 2 = 2*k + 44, 0 = 2*v + 5*k - 18. Calculate the remainder when 27 is divided by v.
13
Let v = 88 - 20. Suppose -d - v = -5*d. What is the remainder when 50 is divided by d?
16
Suppose -5 = -3*k + 1. Let a(s) = 4*s - 1. Let j(x) = x + 1. Let t(m) = a(m) - j(m). Calculate the remainder when 11 is divided by t(k).
3
Let m = -418 + 427. Let h(b) = -b**3 - 2*b**2 + b. What is the remainder when m is divided by h(-3)?
3
What is the remainder when 25 is divided by ((-26)/4)/((-2)/4)?
12
Suppose -2*u = -4*p - 3*u - 9, 2*p + 5*u - 9 = 0. Let t = -5 - -22. What is the remainder when 200/6 + 1/p is divided by t?
16
What is the remainder when (-107)/(-2) + 24/(-48) is divided by 11?
9
Let b(v) = 73*v + 2. Let x be b(2). Suppose -s - 3*p = -36, 0*s + p + x = 5*s. What is the remainder when s is divided by 16?
14
Let a be (4/(-12)*0)/1. Suppose a = 5*y - 14 - 6. Let k = 7 + -2. Calculate the remainder when k is divided by y.
1
Let t(g) = -7*g. Suppose -166 = -3*f - 2*f + 2*i, 3*f - 108 = -3*i. Let y = f + -21. What is the remainder when y is divided by t(-1)?
6
Let s = 62 + -10. Suppose -5*j + 12 - s = 0. Calculate the remainder when j/(-6)*102/4 is divided by 12.
10
Let i = 74 - 56. Let w = 2 - -8. Calculate the remainder when i is divided by w.
8
Suppose 0 = -2*n + 4*h + 22, n = -h - 0*h + 17. Let t = 11 + -7. Calculate the remainder when n is divided by t.
3
Let r be -1 - 0 - (2 + -19). Let m = -9 + r. What is the remainder when 25 is divided by m?
4
Let l(v) = -6*v**3 - 2*v**2 + 3*v - 1. Calculate the remainder when l(-3) is divided by 34.
32
Let u be 18*-1*(-1)/3. Let t = u + -4. Calculate the remainder when 5 is divided by t.
1
Suppose 5*x - x - a = 8, 0 = 4*a + 16. Calculate the remainder when 0/3 + x*20 is divided by 8.
4
Let i = 6 + 79. Let p(t) = -t**3 - 5*t**2 + 3*t + 11. What is the remainder when i is divided by p(-6)?
27
Let k(n) = -n + 4. Calculate the remainder when k(-12) is divided by 13.
3
Let d(j) = 8*j - 4. Suppose -4*t = -g - 38, 0 = -3*t - t - 3*g + 30. What is the remainder when t is divided by d(1)?
1
Let c = -19 - -39. Let t(p) = -p**2 + 12*p + 3. What is the remainder when t(7) is divided by c?
18
Suppose 0 = 3*d - 3*k - 36, 0 = -d + 4*d + 5*k - 28. Let u = 108 - d. What is the remainder when u is divided by 25?
22
Suppose 56 = 4*u - 2*u. Suppose -5 - 5 = -r. Calculate the remainder when u is divided by r.
8
Suppose -5*q = 0, -18 = -3*z - 4*q + 2*q. Suppose 4*j + j = -2*m + 76, -4*m = 8. What is the remainder when j is divided by z?
4
Suppose 2*z - 162 = 40. What is the remainder when z is divided by 26?
23
Suppose -120 = -4*q + v, -3*q - 3*v = -61 - 29. Calculate the remainder when q is divided by 11.
8
Let k = -14 + 16. Suppose -84 = -4*h + 5*r, 5*h + 4*r - 72 = k*r. Calculate the remainder when 61 is divided by h.
13
Let t = -19 + 38. Calculate the re